ommon factor of 132 and 60.
12
What is the greatest common divisor of 959 and 411?
137
Calculate the greatest common divisor of 15337 and 49.
49
What is the greatest common divisor of 288 and 10512?
144
Calculate the highest common factor of 33 and 28941.
33
What is the highest common divisor of 30912 and 42?
42
What is the greatest common factor of 648 and 1458?
162
Calculate the highest common factor of 7700 and 14.
14
Calculate the greatest common factor of 415 and 581.
83
Calculate the highest common factor of 10 and 1512.
2
Calculate the greatest common factor of 504 and 11304.
72
Calculate the greatest common divisor of 4 and 38.
2
Calculate the highest common divisor of 105 and 255.
15
Calculate the highest common divisor of 296 and 712.
8
Calculate the highest common divisor of 640 and 440.
40
Calculate the highest common factor of 560 and 35.
35
What is the greatest common factor of 4 and 17804?
4
What is the highest common factor of 138 and 897?
69
What is the greatest common factor of 14 and 56?
14
Calculate the greatest common divisor of 94 and 4.
2
Calculate the highest common divisor of 437 and 368.
23
Calculate the greatest common factor of 96 and 78.
6
Calculate the greatest common factor of 88 and 16.
8
Calculate the highest common divisor of 50 and 940.
10
What is the greatest common factor of 16470 and 45?
45
What is the highest common factor of 54 and 729?
27
What is the highest common factor of 5643 and 1056?
33
What is the highest common factor of 72 and 972?
36
What is the greatest common divisor of 54 and 210?
6
Calculate the highest common factor of 77 and 7.
7
What is the greatest common divisor of 638 and 232?
58
Calculate the highest common divisor of 114 and 3838.
38
Calculate the highest common divisor of 255 and 120.
15
What is the highest common divisor of 605 and 484?
121
Calculate the greatest common factor of 16 and 1256.
8
Calculate the highest common factor of 266 and 154.
14
What is the highest common divisor of 19 and 3?
1
What is the highest common divisor of 4472 and 520?
104
Calculate the greatest common factor of 21 and 51.
3
What is the greatest common factor of 312 and 728?
104
What is the highest common factor of 4 and 1648?
4
What is the highest common divisor of 310 and 30?
10
What is the greatest common factor of 56 and 2280?
8
What is the greatest common divisor of 25 and 15?
5
Calculate the greatest common factor of 203 and 870.
29
Calculate the greatest common divisor of 44 and 110.
22
Calculate the greatest common divisor of 52 and 156.
52
What is the greatest common factor of 3283 and 98?
49
Calculate the greatest common factor of 286 and 638.
22
Calculate the greatest common factor of 624 and 15.
3
Calculate the highest common divisor of 4 and 76.
4
What is the highest common factor of 7270 and 40?
10
Calculate the highest common divisor of 464 and 4988.
116
Calculate the highest common factor of 48 and 4932.
12
What is the highest common divisor of 25 and 85?
5
Calculate the greatest common factor of 70 and 1946.
14
What is the highest common divisor of 15 and 294?
3
What is the highest common divisor of 152 and 6004?
76
What is the greatest common divisor of 14 and 26?
2
What is the highest common factor of 52 and 1794?
26
What is the highest common factor of 10 and 214?
2
Calculate the greatest common divisor of 10 and 1930.
10
What is the greatest common divisor of 84 and 120?
12
What is the greatest common factor of 132 and 572?
44
What is the greatest common factor of 211 and 31439?
211
Calculate the highest common factor of 2407 and 83.
83
What is the highest common factor of 1090 and 10?
10
Calculate the highest common factor of 2992 and 77.
11
What is the greatest common divisor of 66 and 242?
22
What is the highest common factor of 24 and 16?
8
Calculate the highest common divisor of 2478 and 84.
42
What is the greatest common factor of 10 and 12290?
10
Calculate the highest common divisor of 1690 and 325.
65
What is the greatest common factor of 68 and 13396?
68
Calculate the greatest common divisor of 1088 and 192.
64
What is the greatest common factor of 42 and 56?
14
What is the greatest common factor of 28 and 148?
4
What is the greatest common divisor of 261 and 468?
9
What is the highest common factor of 10 and 30480?
10
Calculate the highest common divisor of 45 and 125.
5
Calculate the highest common factor of 26 and 442.
26
What is the greatest common factor of 180 and 396?
36
What is the greatest common divisor of 175 and 14?
7
Calculate the highest common factor of 182 and 104.
26
What is the highest common factor of 2924 and 129?
43
What is the highest common divisor of 1606 and 66?
22
Calculate the highest common divisor of 366 and 6.
6
What is the highest common divisor of 312 and 72?
24
Calculate the greatest common divisor of 26 and 1118.
26
Calculate the highest common divisor of 32 and 400.
16
Calculate the highest common divisor of 14 and 7.
7
What is the highest common divisor of 640 and 1040?
80
What is the highest common factor of 20 and 4?
4
Calculate the highest common divisor of 190 and 342.
38
What is the greatest common factor of 69 and 12581?
23
What is the greatest common factor of 663 and 102?
51
What is the greatest common divisor of 1276 and 16?
4
Calculate the highest common divisor of 16 and 1688.
8
What is the highest common factor of 1 and 571?
1
Calculate the highest common divisor of 667 and 116.
29
Calculate the greatest common divisor of 135 and 9.
9
Calculate the greatest common divisor of 20 and 8.
4
Calculate the highest common factor of 94 and 94.
94
Calculate the greatest common factor of 6106 and 344.
86
Calculate the greatest common factor of 869 and 22.
11
Calculate the highest common factor of 5472 and 532.
76
Calculate the greatest common divisor of 40 and 120.
40
Calculate the highest common divisor of 186 and 54.
6
What is the greatest common factor of 139 and 59909?
139
Calculate the greatest common factor of 231 and 308.
77
Calculate the highest common divisor of 242 and 15125.
121
What is the greatest common factor of 1781 and 65?
13
What is the greatest common divisor of 28 and 119?
7
What is the greatest common factor of 2101 and 11?
11
What is the highest common divisor of 477 and 265?
53
What is the greatest common factor of 175 and 217?
7
Calculate the greatest common divisor of 30 and 78.
6
What is the highest common factor of 2 and 509?
1
Calculate the highest common divisor of 405 and 15.
15
Calculate the greatest common factor of 5060 and 10.
10
What is the highest common factor of 31 and 1519?
31
Calculate the highest common factor of 110 and 176.
22
What is the greatest common divisor of 25 and 425?
25
Calculate the greatest common divisor of 85 and 102.
17
What is the highest common divisor of 10 and 485?
5
Calculate the greatest common factor of 190 and 130.
10
What is the highest common factor of 50 and 3175?
25
Calculate the greatest common factor of 22 and 385.
11
Calculate the highest common divisor of 18 and 90.
18
Calculate the greatest common factor of 2 and 862.
2
Calculate the highest common divisor of 160 and 8380.
20
What is the greatest common divisor of 324 and 12?
12
What is the highest common divisor of 63 and 42?
21
What is the highest common factor of 42 and 56?
14
What is the greatest common divisor of 846 and 18?
18
Calculate the greatest common factor of 230 and 1670.
10
What is the greatest common factor of 63 and 153?
9
What is the highest common factor of 116 and 116?
116
Calculate the greatest common divisor of 16 and 496.
16
What is the highest common factor of 1056 and 612?
12
What is the highest common factor of 85 and 2295?
85
What is the greatest common factor of 11203 and 17?
17
Calculate the greatest common factor of 42 and 35889.
21
What is the highest common factor of 553 and 237?
79
What is the greatest common factor of 624 and 96?
48
What is the greatest common factor of 13230 and 150?
30
What is the greatest common divisor of 925 and 37?
37
Calculate the highest common factor of 14336 and 56.
56
Calculate the highest common factor of 468 and 24.
12
What is the highest common divisor of 358 and 4?
2
Calculate the greatest common factor of 16 and 536.
8
What is the highest 